2)/(9/(-60)). Let k = c + 14. Let a = -6 + k. Let f(m) = 2*m**2 + 2*m + 3. Calculate f(a).
7
Let f be 3/(-5) + 46/10. Let a(b) = b**3 + 4 + 0 + 20*b - 4*b**2 - 21*b. Calculate a(f).
0
Let i(d) = -5*d - 1. Let v = 1 + 4. Suppose 2*b = -0*b - 5*h + 1, v*h = 5*b + 15. Determine i(b).
9
Let w(x) be the third derivative of x**8/6720 + x**7/630 + x**6/720 + x**5/30 + x**4/8 + 2*x**2. Let c(y) be the second derivative of w(y). Calculate c(-4).
0
Let k(a) = -7*a + 1. Let h(y) = y - 1. Let m(o) = 6*h(o) + k(o). Let x(v) = v - 2. Let z be x(5). Let i be ((-18)/15)/(z/10). What is m(i)?
-1
Let z(h) = -h**2 + 5*h + 6. Let c be z(6). Let u(j) = c*j + j - j - 3 - j. Determine u(-5).
2
Let s(v) = -8*v + 3. Let t(m) = 7*m - 2. Let q(g) = -2*s(g) - 3*t(g). Calculate q(-1).
5
Let j(y) be the second derivative of -y**4/12 + 2*y**3/3 + 3*y**2 - 8*y. Determine j(5).
1
Suppose -2*g = -4*g + 14. Let t = 2 + -1. Let c(n) = -t + 4 - n + g. What is c(5)?
5
Let j(l) = l - 5. Let b be (-9)/12 - (-35)/4. Let z be j(b). Let y(a) be the third derivative of -a**5/60 + a**4/12 + a**3/3 - a**2. Calculate y(z).
-1
Suppose -2*r + 2*f = 0, 3*r - f = 8*r - 30. Let w(y) = -y + y**3 + 2*y**3 + 5 - r*y**3 + y**3. What is w(0)?
5
Let b be (11/44)/((-1)/4). Let d(m) = -7*m**2 + m. Calculate d(b).
-8
Let p(z) be the second derivative of 9*z**5/20 - z**3/3 - z**2/2 - 7*z. Determine p(-1).
-8
Suppose -2 = -3*j - z, 0*j - 4 = 3*j - 2*z. Let p = -2 + j. Let g(s) be the first derivative of s**3/3 + 2*s**2 - 1. Give g(p).
-4
Let c(x) = x**3 + 3*x**2 + 3*x**2 + 0*x + 4*x. Suppose -s - 3*s - 3*r = 11, 0 = -3*r + 9. Determine c(s).
5
Let s(c) be the first derivative of 12*c - 6 + 1/2*c**2. Give s(-6).
6
Let x(u) = -3*u + 1 + 3 - 4 - 1. Give x(2).
-7
Let z(f) = -f - 1. Let o(k) = -k**2 + 9*k + 11. Let x(b) = o(b) + 4*z(b). Suppose -5*p + 96 = -p. Suppose -3*n = n - p. Calculate x(n).
1
Suppose -2*y - 2 = 3*y - 3*o, 3*y + 3*o - 18 = 0. Let f(s) = -y*s + 12*s**3 - 13*s**3 - 5*s - 5 - 6*s**2. Suppose -4 = 3*d - 2*d. What is f(d)?
-9
Let p be (-6 - -5) + (2 - -2). Let w(n) = -n**3 + 3*n**2 + 4*n - 3. Give w(p).
9
Let w(i) = -i**2. Let o be 110/44 + -1 + 2/4. Determine w(o).
-4
Let c(u) be the first derivative of -3*u**2/2 + 3*u - 1. What is c(2)?
-3
Let l(v) = v**2 + 5*v + 2. Suppose 0 = 3*d - 1 - 29. Suppose 4*g + 6 = -d. Determine l(g).
-2
Let o(g) = g**3 + 9*g**2 + 5*g - 7. Let t(p) = -p**2 - p + 1. Let x be 2 + 0 + -1 + 0. Let q(v) = x*o(v) + 4*t(v). Let r be -4*(-3 + 2)*-1. Give q(r).
9
Suppose o + 3*q - 6 - 17 = 0, q - 13 = -o. Suppose m + 3*m + o = 0. Let w(u) = u**3 + 3*u**2 + 2*u + 3. Calculate w(m).
3
Let h(b) = 3*b**2 + 4*b + 2. Suppose -k - d = -1, k + 0*d + 11 = 3*d. Calculate h(k).
6
Let w(u) = 3*u + 2. Let i(p) = 1. Let k(n) = i(n) - w(n). Give k(5).
-16
Let k(d) = -d - 7. Let m be k(-5). Let w(f) = -f. Let x be w(m). Let l(o) be the third derivative of -o**6/120 + o**4/24 + o**3/3 - 2*o**2. What is l(x)?
-4
Let p(r) = 2*r**3 - 3*r**2 + r - 2. Let u be ((-6)/(6/(-2)))/1. Suppose 4*v - u*v = 4. Suppose -7*h + 3*h - 3*z - 4 = 0, 8 = -v*h - 3*z. Determine p(h).
4
Let v(b) = -b**2 + b + 5. Suppose -2*y = -2*o, 2 - 22 = -o + 5*y. Let s(r) = 6*r - 3*r - 1 - 4*r. Let u be s(o). What is v(u)?
-7
Let j(h) = h + 1. Let i(x) be the first derivative of 3*x**2 + 5*x + 2. Let o(f) = i(f) - 5*j(f). What is o(2)?
2
Let r(j) be the second derivative of j**5/20 - j**4/6 - 2*j**3/3 + j**2/2 - 4*j. Give r(3).
-2
Let m(o) = 7*o**2 + 7*o - 11. Let c(q) = 8*q**2 + 8*q - 12. Let b(v) = 6*c(v) - 7*m(v). Let z = 5 - 8. Let l = z + 3. Give b(l).
5
Let y(g) = -g**2 + 2*g**2 - 3*g - 8 + 7. Calculate y(3).
-1
Let q(t) = -t**2 + 7. Suppose 20*u - 17*u = 0. Give q(u).
7
Suppose -4*o + j + 3 = -3, -4*o - 2*j = 0. Suppose 0 = -2*q + q + o. Let m(t) be the third derivative of -t**5/20 + t**2. Calculate m(q).
-3
Let q = 362 - 2167/6. Let a(m) be the third derivative of 0*m - 2*m**2 - 1/24*m**4 + 0 + q*m**3. Give a(5).
0
Let y(a) be the third derivative of -a**5/20 - a**4/24 + 35*a**2. Calculate y(-2).
-10
Let i(x) be the third derivative of -x**5/60 - x**4/24 + 32*x**2. What is i(0)?
0
Let z(f) be the first derivative of 11*f**3/3 + 12*f - 5. Let d(o) = 7*o**2 + 8. Let j(l) = -8*d(l) + 5*z(l). Determine j(0).
-4
Let h(m) = -3*m**2 + 10*m**2 + m - 2*m**2 - 3*m**2 + 6*m**3. Calculate h(-1).
-5
Let a(f) = f**3 - 4*f**2 + 2*f - 3. Suppose 0 = -2*d - z + 6*z + 35, -5*d + 20 = z. Let v = 8 - d. Give a(v).
-6
Let v(m) = m**2 - 6*m - 5. Let g(p) = -2*p**2 + 5*p + 4. Let f(y) = -6*g(y) - 5*v(y). Calculate f(1).
8
Let p(y) = -3*y**3 + 15*y**2 - 12*y - 17. Let c(h) = h**3 - 5*h**2 + 4*h + 6. Let x(j) = 17*c(j) + 6*p(j). Suppose -3 = m - 7. Give x(m).
0
Let z(l) = -16*l**3 - 26*l**2 + 9*l + 20. Let t be (-1)/(-2*1/4). Let v(s) = 3*s**3 + 5*s**2 - 2*s - 4. Let f(a) = t*z(a) + 11*v(a). Determine f(-3).
8
Let s(c) = -c. Let h = -5 - -9. Suppose -4*l = -l + 9, -h*l = -5*k - 8. Calculate s(k).
4
Let b(w) = w + 4 - 6*w + 6*w. Calculate b(-5).
-1
Let q(l) be the third derivative of -l**4/12 - l**3/2 + 4*l**2. Determine q(-3).
3
Let s be 4*(-5)/10 - 3/1. Let r(i) = i**2 + 3*i - 4. Determine r(s).
6
Suppose -d = g - 2*d - 31, 0 = -5*d - 10. Suppose -5*k + 31 = -3*s + 6, -5*s + 2*k - g = 0. Let p(u) = -u**3 - 5*u**2 - 2*u - 3. Give p(s).
7
Let w = -5 - -11. Let k(x) be the third derivative of x**5/60 - 5*x**4/24 + x**3/6 + x**2. Let u(g) be the first derivative of k(g). What is u(w)?
7
Let a(z) = -3*z**3 - 18*z**2 - 12*z + 16. Let o(x) = 2*x**3 + 12*x**2 + 8*x - 11. Let l(u) = 5*a(u) + 7*o(u). Determine l(-5).
-2
Let l(o) = -o**3 + 7*o - 17*o**2 + 7*o**2 + 5 + 8*o**2. Let c be (6/9)/(4/(-24)). Give l(c).
9
Let f(u) = -4*u - 1. Suppose 0 = -3*k + 2*v + 23, 5 - 22 = -2*k + 3*v. Let p = -4 + k. Suppose -4*x = -p*x - 3*y + 11, -x = y - 5. Calculate f(x).
-5
Let k = -121 - -114. Let i(m) = -m - 7. Let y(r) = -1. Let d(w) = i(w) - 3*y(w). Calculate d(k).
3
Let h = -4 + 1. Let x(d) = 1405 - 3*d - 1406 + 2*d**2 + 0*d + d**3. What is x(h)?
-1
Let w = 17 - 12. Suppose 5*l - 1 = 5*h + 2*l, 4 = -w*h + 2*l. Let u(a) be the first derivative of a**2 - 2*a + 1. Give u(h).
-6
Let t(i) = i**3 - 12*i**2 - 13*i + 4. Let j be t(13). Suppose -2*v = j*l - 2, -4*l - l - v = -7. Let z(d) = -4*d + 3. Determine z(l).
-5
Let z = -6 - -2. Let o(p) = p**3 + 3*p**2 - 5*p - 2. Let r be o(z). Let f(m) = -m - 3 + 2*m**2 - m**r + 0*m**2 + 2. Give f(-2).
5
Let p(x) = x**3 + 3*x**2 - x + 3. Suppose -7*t - 21 = -0. What is p(t)?
6
Let x(f) be the second derivative of -f**3/6 - 3*f**2 + 12*f. Determine x(6).
-12
Let n(g) = -g**3 + g + 2. Let c be n(0). Let s(d) = d**2 + 0*d**c - 4*d - 2*d**2. Calculate s(-4).
0
Let k(r) = -5*r**2 + 2*r + 3. Suppose -3*c + 1 - 10 = 0. Let m(t) = 4*t**2 - t - 2. Let j(f) = c*k(f) - 4*m(f). What is j(-2)?
-1
Let t(z) = z**2. Suppose 4*a - 4 = -2*l + 2, 0 = -4*a + 2*l - 14. Calculate t(a).
1
Let s(v) be the second derivative of v**5/60 + 7*v**4/24 + 5*v**2/2 - 2*v. Let y(g) be the first derivative of s(g). Calculate y(-6).
-6
Let r(f) = -f + 1. Let h(d) = -4*d + 6. Let x(p) = 3*h(p) - 14*r(p). What is x(-3)?
-2
Let m be 16/(-20) + (-1)/5. Let u = m - -4. Let c(b) be the second derivative of -b**4/12 + b**3/3 + 3*b**2/2 - 22*b. Give c(u).
0
Suppose j + 5*u - 9 + 36 = 0, u + 3 = j. Let d(x) = -x**2 - x - 1. What is d(j)?
-3
Let t(v) = -v**2 - v - 11. Let y(m) = -2*m**2 - 3*m - 21. Let o(x) = -7*t(x) + 4*y(x). Calculate o(-5).
-7
Let v(d) = 2*d**2 - 6*d - 3*d**2 + 0*d - 4. Let a be -3 + 0 + 0 + (-8 - -7). Determine v(a).
4
Let a(p) = 2*p + p**3 + 22 - 18 + 0*p**3 + 3*p**2. Give a(-3).
-2
Let z = 0 + 2. Let m(w) = 0*w**2 + 3*w**2 - z*w**2 - 5*w. Suppose 4*k - v - 24 = v, 3*k + 4 = -4*v. Determine m(k).
-4
Let r(h) = h - 3. Let c be r(5). Let t(z) = z + 1. Let f(o) = -o - 2. Let w(b) = -6*f(b) - 10*t(b). What is w(c)?
-6
Let l be 4*-2*(-3)/6. Let a(p) = -2*p**2 - p - p**3 + 5*p**3 + l*p**2. Let o(v) = -v**3 + 4*v**2 + 1. Let d be o(4). Calculate a(d).
5
Let f(o) be the first derivative of -4*o**2 - o - 8. Let p = -7 - -1. Let m be 2/(-6) - p/(-9). Give f(m).
7
Let h(j) = j**3 - 6*j**2 - 2*j + 5. Suppose -2 = -3*o + 4*k, 4*o + k = -2*k + 36. Calculate h(o).
-7
Let o(l) = -l - 8. Let m be o(-8). Suppose r + r = m. Let a(j) = -j - j**2 - 1 + 3 + 0. Give 